3*i**3 + i**2 - 2*i - 4. Let j(l) = -2*l**3 - 2*l**2 + 1. Let o(x) = -2*j(x) + k(x). Give o(-5).
4
Let v(n) be the third derivative of n**2 - 1/12*n**5 + 1/3*n**4 + 0 - 1/120*n**6 + 0*n + 4/3*n**3. Suppose 35*x - 6 = 36*x. What is v(x)?
-4
Let g(w) = w**2 - 5*w + 5. Let u = 193 - 190. Determine g(u).
-1
Let d(o) = 7*o**2 + o**3 - 41 + 9 + o + 39. What is d(-7)?
0
Let h be (-57)/95*(-105)/9. Let b(o) = -o**2 + 9*o - 8. What is b(h)?
6
Suppose -5*w = 5*o + 61 + 4, 3*w + 2*o + 38 = 0. Let i = -7 - w. Suppose -3*n - 9 = -5*b - i*n, -3*n + 5 = -b. Let k(u) = -3*u**3. Give k(b).
-3
Let i(c) be the first derivative of 2*c**3/3 + c**2/2 - 10*c + 4. Let s(b) be the first derivative of i(b). Determine s(-1).
-3
Suppose -19 = -5*s + 3*l, 0 = -0*s - 3*s + l + 9. Let z(h) = 11*h + 0*h**2 - 16*h - 3 + 3*h**2 - 2*h**s. Give z(3).
-9
Let p(f) = -f - 2. Let q(k) = k + k - 5*k - 8. Let d be q(-4). Determine p(d).
-6
Let m(f) = -f**2 + 4*f + 2. Suppose -231 + 168 = -9*i. What is m(i)?
-19
Let r(w) = 4*w**2 - 5*w - 4. Suppose 2*t = 5*i - 10, -31 = 5*i + 2*t - 61. Determine r(i).
40
Let q(r) = -4 + r**2 + 5*r + 3*r - 3*r. Let p be (-406)/70 + 2/(-10). What is q(p)?
2
Let j = -2 - -5. Let g(k) = -2*k + k + 2*k + j*k. What is g(1)?
4
Let v(f) be the third derivative of -f**8/20160 - f**6/360 - f**5/6 - 5*f**2. Let j(a) be the third derivative of v(a). What is j(-2)?
-6
Let i(a) = a**3 - 2*a**2 - 2*a + 1. Let u be -68 - ((3 - (-1 + 3)) + -3). Let b = 64 + u. Calculate i(b).
-11
Let g(u) be the third derivative of -4/3*u**3 - 1/24*u**4 + 0 + 2*u**2 + 0*u. What is g(0)?
-8
Suppose -2*r - 21 = -5*r. Let p(l) = l**3 - 7*l**2 - l + 10. Let b be p(r). Let f(k) = 6*k - k**b - 3 + 3*k**2 + 0*k + k**2. What is f(5)?
2
Suppose 5*p + 16 = -4*r + 20, 4*r - 5*p = 44. Let b(u) = u - 4. Let o be b(5). Let c(j) = j - 1. Let n(q) = 1. Let m(y) = o*c(y) - 5*n(y). Calculate m(r).
0
Let w(y) = -65*y**2 - 8*y + 10. Let c(b) = -33*b**2 - 3*b + 4. Let s(i) = -5*c(i) + 2*w(i). Calculate s(-1).
36
Let g(x) = 15*x - 2*x - 5*x - 4*x. Determine g(-1).
-4
Let f = -22 - -14. Let w be (-299)/(-52) + 6/f. Let i(r) = 2 - w*r - 3*r**3 + 2*r**3 + 7*r**2 - 2*r. Give i(6).
-4
Let h(j) = j**3 - 3*j**2 + 2*j + 1. Let v be h(2). Let p = -3 - v. Let d(k) = k + 5. Calculate d(p).
1
Let n(x) = 0 - 18*x**2 + 9 - 8. Let o(d) = 4*d - 12. Let t(g) = -3*g + 12. Let r(k) = 2*o(k) + 3*t(k). Let z be r(11). Determine n(z).
-17
Suppose 74*w - 76*w = 4*u + 18, -w = 5*u + 15. Let l(o) = o - 8. Calculate l(w).
-13
Let a(w) = -14 - 3939*w**2 + 3940*w**2 + 1 - 2 + 8*w. What is a(-10)?
5
Let s(o) = -7*o**2 - 9*o + 28. Let f(r) = r**2 + 1. Let q(h) = -6*f(h) - s(h). Let u(j) be the first derivative of q(j). Calculate u(-7).
-5
Suppose -v + 6 = z, 1 = 2*z - 1. Suppose 7*p = -9 - v. Let g(q) = -q**3 - 3*q**2 - q - 1. What is g(p)?
-3
Let n(h) = 24769 + 4*h**2 - 24765 - 3*h**2 - 7*h. Let a be 10/(-15)*(-1 + -5). Suppose 24 + 0 = a*o. Determine n(o).
-2
Let t(m) = -m**3 - 8*m**2 - 6*m + 8. Let g(d) = d + 4. Let l be g(-11). Let i be t(l). Let b(c) = -112*c - 1 + 52*c - 3*c**3 + 62*c. Determine b(i).
-2
Let a(f) = -11*f - 1. Suppose -5 = 5*n, -4*c + 0*n - 5*n = -31. Let r(x) = -16 + 13*x + 6 - x**3 - 3*x + 8*x**2. Let d be r(c). Give a(d).
10
Suppose -4*x = -18*x + 546. Let t(g) = -43*g - 1 + 80*g - x*g. Give t(-3).
5
Let b(o) = -32*o**2 + 11*o**2 + 22*o**2 - 16 - 14*o. Give b(15).
-1
Let z(k) = -k**2 - 9*k - 5. Suppose -747 = -12*d + 21*d. Let n = d + 76. What is z(n)?
9
Let r = 756 + -3023/4. Let y(v) be the first derivative of -6 + 2*v**3 - 3/2*v**2 - 8*v + r*v**4. Give y(-6).
10
Let w(b) = -20*b**2 + 44*b - 10. Let i(c) = -7*c**2 + 15*c - 4. Let m(a) = 17*i(a) - 6*w(a). What is m(10)?
2
Suppose -g = -4*g. Let s(t) = 7*t - 462 + 913 - 461. Let m(r) = -2*r + 1. Let i(n) = -3*m(n) - s(n). Determine i(g).
7
Suppose 46 = 22*p - 42. Let m(x) = -x + 4. Calculate m(p).
0
Let m = -78 + 82. Let j(n) = -18*n - 3 + m - 13*n + 23*n. Determine j(1).
-7
Let l(b) be the second derivative of 2*b**3/3 + b**2/2 - 846*b + 2. Suppose 3*g = 5*g - 4. Let f be 2/(-6) + g/(-3). Determine l(f).
-3
Suppose 0*q = -5*q + 15. Suppose -3*s = -3*n + 36, -s + 42 = 5*n - 0*s. Let p(i) = 10*i**3 - 3*i - n*i**3 - i**2 - 2 + 2. Give p(q).
9
Let o(y) = y - 4*y - y**2 + 2*y. Let l(z) = -z**2 + 13*z - 28. Let f be l(3). Determine o(f).
-6
Let j be (1*(2 + -7))/((-5)/5). Let h(w) = 2*w**3 + 9*w**2 - 2*w + 8. Let q(d) = -3*d**3 - 17*d**2 + 5*d - 15. Let b(o) = -5*h(o) - 3*q(o). Give b(j).
5
Let v(l) = 5*l**2 + 21*l + 16. Let n(c) be the third derivative of -c**5/60 - c**4/6 - c**3/2 - 15*c**2. Let w(m) = -11*n(m) - 2*v(m). Calculate w(2).
9
Suppose 0 = -2*s + 2, -2*s + 7 = -2*h - s. Let a be 3 - (5 + h - 1). Let k(n) = -n + 4*n - 3 + 0*n + 2*n**a + 0*n. Give k(-3).
6
Suppose -4 - 2 = -2*k. Suppose k*a - 12 = 6*a. Let l(g) = 3*g**2 + 7*g + 6. Let u(f) = 13*f**2 + 29*f + 25. Let n(p) = 9*l(p) - 2*u(p). What is n(a)?
0
Suppose o - 16 = -13. Let c(t) = t + 0*t + 2*t - 8*t + 5*t**2 + 4 - t**o. Calculate c(4).
0
Let y(b) = -b**2 + 9*b - 1. Suppose 54*c = 48*c + 36. Calculate y(c).
17
Let s(t) = t**3 - 4*t**2 - 10*t + 7. Let w(z) = -10*z + 22. Let f(i) = -9*i + 22. Let h(k) = -6*f(k) + 5*w(k). Let l be h(7). Calculate s(l).
19
Let k(i) = -1 - 840*i - 839*i + 1674*i + i**3 - 4*i**2. Determine k(-2).
-15
Let c(q) = q - 1. Let k(y) be the second derivative of y**4/12 - 3*y**2/2 - 9*y. Let u(x) = -2*c(x) + k(x). Determine u(2).
-1
Let x(t) = 3*t**2 + 5*t - 7. Let n(h) = 10*h**2 + 16*h - 21. Let g be ((-12)/(-30))/(1/(-5)). Let c(j) = g*n(j) + 7*x(j). What is c(-6)?
11
Let l(n) = -9*n**3 + n**2 + n - 2. Let b be (-7)/(-70)*15/6*4. Determine l(b).
-9
Suppose -4*b + 3*b + 2 = 0. Let g(p) = b*p - 3 - 4 + 7. Let m be (-10)/(-3) - 2/6. What is g(m)?
6
Let m = 100 + -97. Let n(y) = -y**3 + 3*y**2 - y + 1. What is n(m)?
-2
Let h(i) be the second derivative of 11*i + 1/6*i**3 - 11/2*i**2 + 0. Determine h(7).
-4
Suppose 5*g = -m + 23, 0 = 2*g - 5*m + 3*m - 2. Let x(o) = 2*o**2 - 2*o - 1. Calculate x(g).
23
Let g(j) be the first derivative of j**4/2 - 4*j**3/3 - 3*j**2 + 6*j - 31. Give g(3).
6
Let d(j) = 14*j**2 - 9 - 7*j**2 - 6*j + 8*j. Let p(s) = 4*s**2 + s - 5. Let f = 5 - 0. Let k(i) = f*p(i) - 3*d(i). Determine k(3).
-10
Let r(k) = -k**3 + k - 6. Suppose 40 = -3*z - z. Let i be 3/6*z/(-1). Suppose -f = -i*f. Determine r(f).
-6
Let i be (-132)/(-28) + 2/7. Suppose -4*c + 5*c = 4*d - 15, i*d = 5*c. Let j(p) = -2*p + 2. Calculate j(d).
-8
Let k = -102 + 104. Let c(l) = k - 4*l + 0*l - 2*l + l. Determine c(-3).
17
Let o(l) be the second derivative of -l**6/24 - l**5/60 + l**4/24 + l**3/6 + l**2/2 + 10*l. Let h(y) be the first derivative of o(y). Determine h(-1).
4
Let u(v) be the second derivative of -v**3/6 + v**2/2 + v. Suppose -a + 15 = -40. Let f = a - 55. Determine u(f).
1
Let t(c) = -4*c. Let s(y) be the third derivative of -y**6/120 + y**5/20 + y**4/4 - y**3/3 + 9*y**2. Let o be s(4). Suppose -o = 3*j - 0. Determine t(j).
8
Suppose -4*d = -6*d - 16. Let r be (-1)/(14/d - -2). Let o(i) = i**2 - i - 4. Calculate o(r).
16
Let f(s) = -s**3 - s**2 - 6. Let q = -187 + 187. Calculate f(q).
-6
Suppose -2*d + 15 = -d - 5*x, -5*x = 3*d + 15. Let k(i) = 0 + d*i**2 - 1 - 4*i - 4*i**2 + 5*i**2. Calculate k(3).
-4
Let f(s) = -10*s - 14 + 8*s**2 - 9*s**2 + 2*s**2. Calculate f(11).
-3
Suppose -21*z = -12 - 9. Let p(y) = -y. Determine p(z).
-1
Let w(s) = -6*s + 18. Let z(b) = -b + 6. Let o(y) = -w(y) + 4*z(y). What is o(1)?
8
Let z(s) = 28*s**2 - 3*s - 5. Let c be z(-2). Let m(a) = 117*a - 224*a - 6*a**2 + c*a - a**3 + 0 - 1. Determine m(-7).
6
Let l(g) = 48*g + 290. Let x be l(-6). Let b be (-282)/(-8) + 2/(-8). Suppose x*c - 7*c = -b. Let v(t) = t + 1. Give v(c).
8
Let g(f) = 4. Let i(k) = -2*k + 2. Let v be i(0). Suppose -91 = -3*a + v*n + 31, 2*n = -3*a + 118. Let q(l) = 2*l - 40. Let x(j) = a*g(j) + 4*q(j). Give x(-1).
-8
Let a = 14 + -20. Let w(x) = 2 + 3*x + x - x + 10*x - 14*x. What is w(a)?
8
Let g = -122 + 128. Suppose 2*i + g - 8 = -4*t, 0 = 3*i + 5*t - 2. Let k(h) = 3*h - 1. What is k(i)?
-4
Suppose 3*i - p - 15 = -2, 3*i = -3*p + 9. Let z be -1 - (2 - (-3 + i)). Let s(w) = 6*w - 2. Calculate s(z).
-14
Suppose -27 - 75 = 17*a. Let p(l) = l**2 + 8*l. Calculate p(a).
-12
Let k = 115